{"id":2354,"date":"2025-04-04T11:32:10","date_gmt":"2025-04-04T09:32:10","guid":{"rendered":"https:\/\/ccvhs.fr\/?page_id=2354"},"modified":"2025-07-31T16:48:14","modified_gmt":"2025-07-31T14:48:14","slug":"offices-de-tourisme","status":"publish","type":"page","link":"https:\/\/ccvhs.fr\/en\/offices-de-tourisme\/","title":{"rendered":"tourist offices"},"content":{"rendered":"<div data-elementor-type=\"wp-page\" data-elementor-id=\"2354\" class=\"elementor elementor-2354\" data-elementor-post-type=\"page\">\n\t\t\t\t<div class=\"elementor-element elementor-element-d28c935 e-flex e-con-boxed e-con e-parent\" data-id=\"d28c935\" data-element_type=\"container\">\n\t\t\t\t\t<div class=\"e-con-inner\">\n\t\t<div class=\"elementor-element elementor-element-89cafb5 e-con-full e-flex e-con e-child\" data-id=\"89cafb5\" data-element_type=\"container\" data-settings=\"{&quot;background_background&quot;:&quot;classic&quot;}\">\n\t\t<div class=\"elementor-element elementor-element-1aac948 e-con-full e-flex e-con e-child\" data-id=\"1aac948\" data-element_type=\"container\">\n\t\t\t\t<div class=\"elementor-element elementor-element-365da14 elementor-widget elementor-widget-heading\" data-id=\"365da14\" data-element_type=\"widget\" data-widget_type=\"heading.default\">\n\t\t\t\t<div class=\"elementor-widget-container\">\n\t\t\t\t\t<h2 class=\"elementor-heading-title elementor-size-default\">Ouvertures aux publics<\/h2>\t\t\t\t<\/div>\n\t\t\t\t<\/div>\n\t\t<div class=\"elementor-element elementor-element-6117ee9 e-grid e-con-full e-con e-child\" data-id=\"6117ee9\" data-element_type=\"container\">\n\t\t\t\t<div class=\"elementor-element elementor-element-11fdc88 elementor-flip-box--direction-right elementor-flip-box--effect-flip elementor-widget elementor-widget-flip-box\" data-id=\"11fdc88\" data-element_type=\"widget\" data-widget_type=\"flip-box.default\">\n\t\t\t\t<div class=\"elementor-widget-container\">\n\t\t\t\t\t\t\t<div class=\"elementor-flip-box\" tabindex=\"0\">\n\t\t\t<div class=\"elementor-flip-box__layer elementor-flip-box__front\">\n\t\t\t\t<div class=\"elementor-flip-box__layer__overlay\">\n\t\t\t\t\t<div class=\"elementor-flip-box__layer__inner\">\n\t\t\t\t\t\t\t\t\t\t\t\t\t<div class=\"elementor-flip-box__image\">\n\t\t\t\t\t\t\t\t<img decoding=\"async\" width=\"200\" height=\"200\" src=\"https:\/\/ccvhs.fr\/wp-content\/uploads\/2025\/01\/20230811105457-e1738072024361.png\" class=\"attachment-full size-full wp-image-70\" alt=\"\" \/>\t\t\t\t\t\t\t<\/div>\n\t\t\t\t\t\t\n\t\t\t\t\t\t\t\t\t\t\t\t\t<h3 class=\"elementor-flip-box__layer__title\">\n\t\t\t\t\t\t\t\t<p class=\"title_flip_left\">Office de Tourisme du Pays M\u00ealois<\/p>\t\t\t\t\t\t\t<\/h3>\n\t\t\t\t\t\t\n\t\t\t\t\t\t\t\t\t\t\t\t\t<div class=\"elementor-flip-box__layer__description\">\n\t\t\t\t\t\t\t\t<div class=\"text_body_flip_left\">\n\nPlace Charles de Gaulle<br>\n61170 Le M\u00eale-sur-Sarthe\n\t\t\n<\/div>\t\t\t\t\t\t\t<\/div>\n\t\t\t\t\t\t\t\t\t\t\t<\/div>\n\t\t\t\t<\/div>\n\t\t\t<\/div>\n\t\t\t<div class=\"elementor-flip-box__layer elementor-flip-box__back\">\n\t\t\t<div class=\"elementor-flip-box__layer__overlay\">\n\t\t\t\t<div class=\"elementor-flip-box__layer__inner\">\n\t\t\t\t\t\n\t\t\t\t\t\t\t\t\t\t\t<div class=\"elementor-flip-box__layer__description\">\n\t\t\t\t\t\t\tPlace du G\u00e9n\u00e9ral de Gaulle \n<br> du mardi au samedi :10h00 - 12h00 \n<br>\n<br>2 Route de Paris \n<br> du mardi au vendredi : 14h00 - 17h00\n<br>\n<br> Base de loisirs (juillet - ao\u00fbt) : \n<br>tous les jours : 14h00 - 18h00 \n<br>\n<br> 06.35.48.21.37 \n<br> 02.33.27.63.97\n<br> otpaysmelois@wanadoo.fr\t\t\t\t\t\t<\/div>\n\t\t\t\t\t\n\t\t\t\t\t\t\t\t<\/div>\n\t\t<\/div>\n\t\t<\/div>\n\t\t<\/div>\n\t\t\t\t\t\t<\/div>\n\t\t\t\t<\/div>\n\t\t\t\t<div class=\"elementor-element elementor-element-d2e01f4 elementor-flip-box--direction-right e-transform elementor-flip-box--effect-flip elementor-widget elementor-widget-flip-box\" data-id=\"d2e01f4\" data-element_type=\"widget\" data-settings=\"{&quot;_transform_skewX_effect&quot;:{&quot;unit&quot;:&quot;px&quot;,&quot;size&quot;:&quot;&quot;,&quot;sizes&quot;:[]},&quot;_transform_skewX_effect_tablet&quot;:{&quot;unit&quot;:&quot;deg&quot;,&quot;size&quot;:&quot;&quot;,&quot;sizes&quot;:[]},&quot;_transform_skewX_effect_mobile&quot;:{&quot;unit&quot;:&quot;deg&quot;,&quot;size&quot;:&quot;&quot;,&quot;sizes&quot;:[]},&quot;_transform_skewY_effect&quot;:{&quot;unit&quot;:&quot;px&quot;,&quot;size&quot;:&quot;&quot;,&quot;sizes&quot;:[]},&quot;_transform_skewY_effect_tablet&quot;:{&quot;unit&quot;:&quot;deg&quot;,&quot;size&quot;:&quot;&quot;,&quot;sizes&quot;:[]},&quot;_transform_skewY_effect_mobile&quot;:{&quot;unit&quot;:&quot;deg&quot;,&quot;size&quot;:&quot;&quot;,&quot;sizes&quot;:[]}}\" data-widget_type=\"flip-box.default\">\n\t\t\t\t<div class=\"elementor-widget-container\">\n\t\t\t\t\t\t\t<div class=\"elementor-flip-box\" tabindex=\"0\">\n\t\t\t<div class=\"elementor-flip-box__layer elementor-flip-box__front\">\n\t\t\t\t<div class=\"elementor-flip-box__layer__overlay\">\n\t\t\t\t\t<div class=\"elementor-flip-box__layer__inner\">\n\t\t\t\t\t\t\t\t\t\t\t\t\t<div class=\"elementor-flip-box__image\">\n\t\t\t\t\t\t\t\t<img decoding=\"async\" width=\"200\" height=\"94\" src=\"https:\/\/ccvhs.fr\/wp-content\/uploads\/2025\/01\/images-1.png\" class=\"attachment-medium_large size-medium_large wp-image-68\" alt=\"\" \/>\t\t\t\t\t\t\t<\/div>\n\t\t\t\t\t\t\n\t\t\t\t\t\t\t\t\t\t\t\t\t<h3 class=\"elementor-flip-box__layer__title\">\n\t\t\t\t\t\t\t\t<p class=\"title_flip_left\"> Bureau d'Information Touristique<\/p>\t\t\t\t\t\t\t<\/h3>\n\t\t\t\t\t\t\n\t\t\t\t\t\t\t\t\t\t\t\t\t<div class=\"elementor-flip-box__layer__description\">\n\t\t\t\t\t\t\t\t\n<div class=\"text_body_flip_left\">\n<div class=\"text_body_flip_left\">\n\t\nPlace Albert Roger<br>\n61390 Courtomer\n\t\t\n<\/div>\t\t\t\t\t\t\t<\/div>\n\t\t\t\t\t\t\t\t\t\t\t<\/div>\n\t\t\t\t<\/div>\n\t\t\t<\/div>\n\t\t\t<div class=\"elementor-flip-box__layer elementor-flip-box__back\">\n\t\t\t<div class=\"elementor-flip-box__layer__overlay\">\n\t\t\t\t<div class=\"elementor-flip-box__layer__inner\">\n\t\t\t\t\t\n\t\t\t\t\t\t\t\t\t\t\t<div class=\"elementor-flip-box__layer__description\">\n\t\t\t\t\t\t\t<br> Place Albert Roger\n<br> lundi et jeudi : 09h00 -12h30 | 14h30 - 17h30\n<br> mardi : ferm\u00e9 \n<br> mercredi et vendredi : 09h00 - 12h30\n<br>samedi : 09h00 - 12h45\n<br>\n<br> 02 33 31 87 70\n<br> courtomer.s.i@wanadoo.fr\n<br> www.tourisme-courtomer.fr \t\t\t\t\t\t<\/div>\n\t\t\t\t\t\n\t\t\t\t\t\t\t\t<\/div>\n\t\t<\/div>\n\t\t<\/div>\n\t\t<\/div>\n\t\t\t\t\t\t<\/div>\n\t\t\t\t<\/div>\n\t\t\t\t<\/div>\n\t\t\t\t<\/div>\n\t\t\t\t<\/div>\n\t\t\t\t\t<\/div>\n\t\t\t\t<\/div>\n\t\t\t\t<\/div>","protected":false},"excerpt":{"rendered":"<p>Ouvertures aux publics Office de Tourisme du Pays M\u00ealois Place Charles de Gaulle 61170 Le M\u00eale-sur-Sarthe Place du G\u00e9n\u00e9ral de Gaulle du mardi au samedi :10h00 &#8211; 12h00 2 Route de Paris du mardi au vendredi : 14h00 &#8211; 17h00 Base de loisirs (juillet &#8211; ao\u00fbt) : tous les jours : 14h00 &#8211; 18h00 06.35.48.21.37 [&hellip;]<\/p>","protected":false},"author":1,"featured_media":0,"parent":0,"menu_order":0,"comment_status":"closed","ping_status":"closed","template":"","meta":{"_acf_changed":false,"footnotes":""},"class_list":["post-2354","page","type-page","status-publish","hentry"],"acf":[],"_links":{"self":[{"href":"https:\/\/ccvhs.fr\/en\/wp-json\/wp\/v2\/pages\/2354","targetHints":{"allow":["GET"]}}],"collection":[{"href":"https:\/\/ccvhs.fr\/en\/wp-json\/wp\/v2\/pages"}],"about":[{"href":"https:\/\/ccvhs.fr\/en\/wp-json\/wp\/v2\/types\/page"}],"author":[{"embeddable":true,"href":"https:\/\/ccvhs.fr\/en\/wp-json\/wp\/v2\/users\/1"}],"replies":[{"embeddable":true,"href":"https:\/\/ccvhs.fr\/en\/wp-json\/wp\/v2\/comments?post=2354"}],"version-history":[{"count":0,"href":"https:\/\/ccvhs.fr\/en\/wp-json\/wp\/v2\/pages\/2354\/revisions"}],"wp:attachment":[{"href":"https:\/\/ccvhs.fr\/en\/wp-json\/wp\/v2\/media?parent=2354"}],"curies":[{"name":"wp","href":"https:\/\/api.w.org\/{rel}","templated":true}]}}

<div data-elementor-type="wp-page" data-elementor-id="2354" class="elementor elementor-2354" data-elementor-post-type="page">
				<div class="elementor-element elementor-element-d28c935 e-flex e-con-boxed e-con e-parent" data-id="d28c935" data-element_type="container">
					<div class="e-con-inner">
		<div class="elementor-element elementor-element-89cafb5 e-con-full e-flex e-con e-child" data-id="89cafb5" data-element_type="container" data-settings="{&quot;background_background&quot;:&quot;classic&quot;}">
		<div class="elementor-element elementor-element-1aac948 e-con-full e-flex e-con e-child" data-id="1aac948" data-element_type="container">
				<div class="elementor-element elementor-element-365da14 elementor-widget elementor-widget-heading" data-id="365da14" data-element_type="widget" data-widget_type="heading.default">
				<div class="elementor-widget-container">
					<h2 class="elementor-heading-title elementor-size-default">Ouvertures aux publics</h2>				</div>
				</div>
		<div class="elementor-element elementor-element-6117ee9 e-grid e-con-full e-con e-child" data-id="6117ee9" data-element_type="container">
				<div class="elementor-element elementor-element-11fdc88 elementor-flip-box--direction-right elementor-flip-box--effect-flip elementor-widget elementor-widget-flip-box" data-id="11fdc88" data-element_type="widget" data-widget_type="flip-box.default">
				<div class="elementor-widget-container">
							<div class="elementor-flip-box" tabindex="0">
			<div class="elementor-flip-box__layer elementor-flip-box__front">
				<div class="elementor-flip-box__layer__overlay">
					<div class="elementor-flip-box__layer__inner">
													<div class="elementor-flip-box__image">
								<img decoding="async" width="200" height="200" src="https://ccvhs.fr/wp-content/uploads/2025/01/20230811105457-e1738072024361.png" class="attachment-full size-full wp-image-70" alt="" />							</div>
						
													<h3 class="elementor-flip-box__layer__title">
								<p class="title_flip_left">Office de Tourisme du Pays Mêlois</p>							</h3>
						
													<div class="elementor-flip-box__layer__description">
								<div class="text_body_flip_left">

Place Charles de Gaulle<br>
61170 Le Mêle-sur-Sarthe
		
</div>							</div>
											</div>
				</div>
			</div>
			<div class="elementor-flip-box__layer elementor-flip-box__back">
			<div class="elementor-flip-box__layer__overlay">
				<div class="elementor-flip-box__layer__inner">
					
											<div class="elementor-flip-box__layer__description">
							Place du Général de Gaulle 
<br> du mardi au samedi :10h00 - 12h00 
<br>
<br>2 Route de Paris 
<br> du mardi au vendredi : 14h00 - 17h00
<br>
<br> Base de loisirs (juillet - août) : 
<br>tous les jours : 14h00 - 18h00 
<br>
<br> 06.35.48.21.37 
<br> 02.33.27.63.97
<br> otpaysmelois@wanadoo.fr						</div>
					
								</div>
		</div>
		</div>
		</div>
						</div>
				</div>
				<div class="elementor-element elementor-element-d2e01f4 elementor-flip-box--direction-right e-transform elementor-flip-box--effect-flip elementor-widget elementor-widget-flip-box" data-id="d2e01f4" data-element_type="widget" data-settings="{&quot;_transform_skewX_effect&quot;:{&quot;unit&quot;:&quot;px&quot;,&quot;size&quot;:&quot;&quot;,&quot;sizes&quot;:[]},&quot;_transform_skewX_effect_tablet&quot;:{&quot;unit&quot;:&quot;deg&quot;,&quot;size&quot;:&quot;&quot;,&quot;sizes&quot;:[]},&quot;_transform_skewX_effect_mobile&quot;:{&quot;unit&quot;:&quot;deg&quot;,&quot;size&quot;:&quot;&quot;,&quot;sizes&quot;:[]},&quot;_transform_skewY_effect&quot;:{&quot;unit&quot;:&quot;px&quot;,&quot;size&quot;:&quot;&quot;,&quot;sizes&quot;:[]},&quot;_transform_skewY_effect_tablet&quot;:{&quot;unit&quot;:&quot;deg&quot;,&quot;size&quot;:&quot;&quot;,&quot;sizes&quot;:[]},&quot;_transform_skewY_effect_mobile&quot;:{&quot;unit&quot;:&quot;deg&quot;,&quot;size&quot;:&quot;&quot;,&quot;sizes&quot;:[]}}" data-widget_type="flip-box.default">
				<div class="elementor-widget-container">
							<div class="elementor-flip-box" tabindex="0">
			<div class="elementor-flip-box__layer elementor-flip-box__front">
				<div class="elementor-flip-box__layer__overlay">
					<div class="elementor-flip-box__layer__inner">
													<div class="elementor-flip-box__image">
								<img decoding="async" width="200" height="94" src="https://ccvhs.fr/wp-content/uploads/2025/01/images-1.png" class="attachment-medium_large size-medium_large wp-image-68" alt="" />							</div>
						
													<h3 class="elementor-flip-box__layer__title">
								<p class="title_flip_left"> Bureau d'Information Touristique</p>							</h3>
						
													<div class="elementor-flip-box__layer__description">
								
<div class="text_body_flip_left">
<div class="text_body_flip_left">
	
Place Albert Roger<br>
61390 Courtomer
		
</div>							</div>
											</div>
				</div>
			</div>
			<div class="elementor-flip-box__layer elementor-flip-box__back">
			<div class="elementor-flip-box__layer__overlay">
				<div class="elementor-flip-box__layer__inner">
					
											<div class="elementor-flip-box__layer__description">
							<br> Place Albert Roger
<br> lundi et jeudi : 09h00 -12h30 | 14h30 - 17h30
<br> mardi : fermé 
<br> mercredi et vendredi : 09h00 - 12h30
<br>samedi : 09h00 - 12h45
<br>
<br> 02 33 31 87 70
<br> courtomer.s.i@wanadoo.fr
<br> www.tourisme-courtomer.fr 						</div>
					
								</div>
		</div>
		</div>
		</div>
						</div>
				</div>
				</div>
				</div>
				</div>
					</div>
				</div>
				</div>

<p>Ouvertures aux publics Office de Tourisme du Pays Mêlois Place Charles de Gaulle 61170 Le Mêle-sur-Sarthe Place du Général de Gaulle du mardi au samedi :10h00 &#8211; 12h00 2 Route de Paris du mardi au vendredi : 14h00 &#8211; 17h00 Base de loisirs (juillet &#8211; août) : tous les jours : 14h00 &#8211; 18h00 06.35.48.21.37 [&hellip;]</p>
