{"id":177,"date":"2025-01-28T16:03:36","date_gmt":"2025-01-28T15:03:36","guid":{"rendered":"https:\/\/test.ccvhs.fr\/?page_id=177"},"modified":"2025-10-02T14:11:29","modified_gmt":"2025-10-02T12:11:29","slug":"urbanisme-plui","status":"publish","type":"page","link":"https:\/\/ccvhs.fr\/en\/urbanisme-plui\/","title":{"rendered":"Urban planning"},"content":{"rendered":"<div data-elementor-type=\"wp-page\" data-elementor-id=\"177\" class=\"elementor elementor-177\" data-elementor-post-type=\"page\">\n\t\t\t\t<div class=\"elementor-element elementor-element-45d84e4 e-flex e-con-boxed e-con e-parent\" data-id=\"45d84e4\" data-element_type=\"container\">\n\t\t\t\t\t<div class=\"e-con-inner\">\n\t\t<div class=\"elementor-element elementor-element-6c98b30 e-con-full e-flex e-con e-child\" data-id=\"6c98b30\" data-element_type=\"container\" data-settings=\"{&quot;background_background&quot;:&quot;classic&quot;}\">\n\t\t<div class=\"elementor-element elementor-element-6708f49 e-con-full e-flex e-con e-child\" data-id=\"6708f49\" data-element_type=\"container\">\n\t\t\t\t<div class=\"elementor-element elementor-element-64e836d elementor-widget elementor-widget-image\" data-id=\"64e836d\" data-element_type=\"widget\" data-widget_type=\"image.default\">\n\t\t\t\t<div class=\"elementor-widget-container\">\n\t\t\t\t\t\t\t\t\t\t\t\t\t\t\t<img fetchpriority=\"high\" decoding=\"async\" width=\"800\" height=\"220\" src=\"https:\/\/ccvhs.fr\/wp-content\/uploads\/2025\/01\/bandeau-1024x281-1.jpg\" class=\"attachment-large size-large wp-image-740\" alt=\"\" srcset=\"https:\/\/ccvhs.fr\/wp-content\/uploads\/2025\/01\/bandeau-1024x281-1.jpg 1024w, https:\/\/ccvhs.fr\/wp-content\/uploads\/2025\/01\/bandeau-1024x281-1-300x82.jpg 300w, https:\/\/ccvhs.fr\/wp-content\/uploads\/2025\/01\/bandeau-1024x281-1-768x211.jpg 768w, https:\/\/ccvhs.fr\/wp-content\/uploads\/2025\/01\/bandeau-1024x281-1-18x5.jpg 18w\" sizes=\"(max-width: 800px) 100vw, 800px\" \/>\t\t\t\t\t\t\t\t\t\t\t\t\t\t\t<\/div>\n\t\t\t\t<\/div>\n\t\t\t\t<div class=\"elementor-element elementor-element-2655064 elementor-widget elementor-widget-heading\" data-id=\"2655064\" data-element_type=\"widget\" data-widget_type=\"heading.default\">\n\t\t\t\t<div class=\"elementor-widget-container\">\n\t\t\t\t\t<h2 class=\"elementor-heading-title elementor-size-default\">Urbanisme : PLUi <\/h2>\t\t\t\t<\/div>\n\t\t\t\t<\/div>\n\t\t<div class=\"elementor-element elementor-element-2d73b0d e-con-full e-flex e-con e-child\" data-id=\"2d73b0d\" data-element_type=\"container\">\n\t\t<div class=\"elementor-element elementor-element-607762d e-con-full e-flex e-con e-child\" data-id=\"607762d\" data-element_type=\"container\">\n\t\t\t\t<div class=\"elementor-element elementor-element-4584931 elementor-widget elementor-widget-heading\" data-id=\"4584931\" data-element_type=\"widget\" data-widget_type=\"heading.default\">\n\t\t\t\t<div class=\"elementor-widget-container\">\n\t\t\t\t\t<h3 class=\"elementor-heading-title elementor-size-default\">Intercommunal Local Planning Scheme (ILPS)<\/h3>\t\t\t\t<\/div>\n\t\t\t\t<\/div>\n\t\t\t\t<div class=\"elementor-element elementor-element-21498cd elementor-widget elementor-widget-text-editor\" data-id=\"21498cd\" data-element_type=\"widget\" data-widget_type=\"text-editor.default\">\n\t\t\t\t<div class=\"elementor-widget-container\">\n\t\t\t\t\t\t\t\t\t<p>The ALUR Act of 24 March 2014 systematised the transfer of PLU competence to the communities of communes.<\/p><p>By deliberation dated 03 July 2018, the CC of the Vall\u00e9e de la Haute Sarthe initiated the preparation of its intercommunal PLU. The operational launch took place in July 2020. The territory is supported by the Ouest Am' consultancy.<\/p>\t\t\t\t\t\t\t\t<\/div>\n\t\t\t\t<\/div>\n\t\t\t\t<div class=\"elementor-element elementor-element-653f406 elementor-widget elementor-widget-heading\" data-id=\"653f406\" data-element_type=\"widget\" data-widget_type=\"heading.default\">\n\t\t\t\t<div class=\"elementor-widget-container\">\n\t\t\t\t\t<h3 class=\"elementor-heading-title elementor-size-default\">Un PLUi c'est quoi ? <\/h3>\t\t\t\t<\/div>\n\t\t\t\t<\/div>\n\t\t\t\t<div class=\"elementor-element elementor-element-172c061 elementor-widget elementor-widget-text-editor\" data-id=\"172c061\" data-element_type=\"widget\" data-widget_type=\"text-editor.default\">\n\t\t\t\t<div class=\"elementor-widget-container\">\n\t\t\t\t\t\t\t\t\t<p>The aim is to define the regulations governing land use. The ILPS is built with a forward-looking vision, by projecting over the next 10 years and in a constrained regulatory context:<\/p><ul><li>By taking into account the assets and sensitivities of our territory<\/li><li>Consistent with local and ongoing development prospects<\/li><li>In the general interest<\/li><\/ul><p>The ILPS defines the prescriptions indicating what form construction must take, which areas must remain natural, which areas are reserved for future construction, etc. In particular, it must clearly set out the territorial project known as the Sustainable Planning and Development Project (SPDP). In particular, it must set out a clear vision for the area, known as the Sustainable Planning and Development Plan (SPDP), which summarises the local authority's general intentions for the development of the area.<\/p><p>Pour notre Communaut\u00e9 de Communes, l\u2019\u00e9laboration du PLUi permettra notamment de\u00a0renforcer et diversifier l\u2019\u00e9conomie locale\u00a0\u00e0 travers l\u2019optimisation des zones d\u2019activit\u00e9s\u00a0et le\u00a0r\u00e9investissement des friches, la\u00a0p\u00e9rennisation de l\u2019activit\u00e9 agricole\u00a0ainsi que la structuration d\u2019une\u00a0offre touristique solide.<\/p><p>The ILPS, given its inter-communal scale, makes it possible to apply a sustainable and coherent development strategy while preserving resources and spaces, and to promote harmonious development of the various communes making up the EPCI thanks to collective architectural, urban and landscape integration.<\/p><p>This document will replace all local planning documents.<\/p>\t\t\t\t\t\t\t\t<\/div>\n\t\t\t\t<\/div>\n\t\t\t\t<div class=\"elementor-element elementor-element-de83699 elementor-widget elementor-widget-heading\" data-id=\"de83699\" data-element_type=\"widget\" data-widget_type=\"heading.default\">\n\t\t\t\t<div class=\"elementor-widget-container\">\n\t\t\t\t\t<h3 class=\"elementor-heading-title elementor-size-default\">Consultation<\/h3>\t\t\t\t<\/div>\n\t\t\t\t<\/div>\n\t\t\t\t<div class=\"elementor-element elementor-element-b864872 elementor-widget elementor-widget-text-editor\" data-id=\"b864872\" data-element_type=\"widget\" data-widget_type=\"text-editor.default\">\n\t\t\t\t<div class=\"elementor-widget-container\">\n\t\t\t\t\t\t\t\t\t<p>The decision of 03 July 2018 sets out the consultation procedures, specifying how the elected representatives wish to involve local stakeholders. These procedures include making a register of comments available at the CC headquarters (throughout the procedure) and holding public meetings.<\/p>\t\t\t\t\t\t\t\t<\/div>\n\t\t\t\t<\/div>\n\t\t\t\t<div class=\"elementor-element elementor-element-96a93c4 elementor-widget elementor-widget-heading\" data-id=\"96a93c4\" data-element_type=\"widget\" data-widget_type=\"heading.default\">\n\t\t\t\t<div class=\"elementor-widget-container\">\n\t\t\t\t\t<h3 class=\"elementor-heading-title elementor-size-default\">The different stages<\/h3>\t\t\t\t<\/div>\n\t\t\t\t<\/div>\n\t\t\t\t<div class=\"elementor-element elementor-element-e342fa8 elementor-widget elementor-widget-text-editor\" data-id=\"e342fa8\" data-element_type=\"widget\" data-widget_type=\"text-editor.default\">\n\t\t\t\t<div class=\"elementor-widget-container\">\n\t\t\t\t\t\t\t\t\t<p>The first phase involved identifying the issues. Numerous meetings and workshops brought together elected representatives and local stakeholders to draw up an inventory of the situation in our community.<\/p><p>The aim of the second phase was to define the territory's strategy on a number of themes: organisation of the territory (territorial framework and business parks), housing, the economy, mobility, the environment, landscapes, etc. It resulted in the drafting of the Sustainable Planning and Development Plan (SPDP), which was debated by the Community Council on 23 May 2023.<\/p><p>The third phase, which is currently underway, aims to translate the strategy into regulations :<\/p><ul><li>The zoning (graphic regulations) which identifies the different types of zone: Urban (U), Urbanisation (AU), Agricultural (A) or Natural (N).<\/li><li>The written regulations, which set out the rules that apply in different areas of the territory, as well as a series of prescriptions (how to protect hedges and woodland, how to take account of heritage, etc.).<\/li><li>Development and Programming Guidelines (DPG), which define the rules applicable to sectors where development is at stake (\u2018sectoral\u2019 DPG) or to specific subjects (\u2018thematic\u2019 DPG).<\/li><\/ul><p>After this phase, the draft ILPS will be adopted by the Community Council: it will then be submitted for the opinion of the Associated Public Bodies (State, Department, Consular Chambers, etc.) and then for a public enquiry. It can then be approved by the Community Council.<\/p><p>The aim is for the document to be operational by the end of 2025 \/ early 2026.<\/p>\t\t\t\t\t\t\t\t<\/div>\n\t\t\t\t<\/div>\n\t\t\t\t<div class=\"elementor-element elementor-element-5a6d2f5 elementor-widget elementor-widget-heading\" data-id=\"5a6d2f5\" data-element_type=\"widget\" data-widget_type=\"heading.default\">\n\t\t\t\t<div class=\"elementor-widget-container\">\n\t\t\t\t\t<h3 class=\"elementor-heading-title elementor-size-default\">Documents available<\/h3>\t\t\t\t<\/div>\n\t\t\t\t<\/div>\n\t\t\t\t<div class=\"elementor-element elementor-element-0b86560 elementor-widget elementor-widget-text-editor\" data-id=\"0b86560\" data-element_type=\"widget\" data-widget_type=\"text-editor.default\">\n\t\t\t\t<div class=\"elementor-widget-container\">\n\t\t\t\t\t\t\t\t\t<ul><li>Deliberation of 03 July 2017<\/li><li>Deliberation relating to the debate on the SPDP at the Community Council (23 May 2023)<\/li><li>Diagnosis and initial state of the environment<\/li><li>SPDP debated (23 May 2023)<\/li><li><strong>At the end of the public meetings, the presentation material and minutes will be added.<\/strong><\/li><\/ul><p><em>Public meetings were held as part of the process of drawing up the inter-communal Local Town Planning Scheme :<\/em><\/p><ul><li><em>In Courtomer, on Wednesday 16 October, at <strong>19<\/strong> <strong>h<\/strong> <strong>30<\/strong> \u2013 <strong>Multi-purpose hall in Courtomer <\/strong><\/em><\/li><li><em>Le M\u00eale-sur-Sarthe, Wednesday 27 November, at<strong> 19<\/strong> <strong>h<\/strong> <strong>30<\/strong> \u2013 <strong>Intercommunal hall in Le M\u00eale sur Sarthe<\/strong><\/em><\/li><\/ul><p><em>These public meetings will provide an opportunity to present the progress of the studies and exchange views with participants. They will focus on the strategy for the area and the regulatory documents (zoning, written regulations, planning and programming guidelines). <br \/><\/em><\/p><p>Dates des permanences qui se sont tenues :<\/p><p>30\/01 \u2013 14h30\/17h00 \u2013 Le M\u00eale sur Sarthe \u2013 Town hall<\/p><p>11\/02 \u2013 9h30\/12h00 \u2013 Courtomer \u2013 Town hall<\/p><p>13\/02 \u2013 9h30\/12h00 \u2013 Le M\u00eale sur Sarthe \u2013 Town hall<\/p><p>13\/02 \u2013 14h30\/17h00 \u2013 Courtomer \u2013 Town hall<\/p>\t\t\t\t\t\t\t\t<\/div>\n\t\t\t\t<\/div>\n\t\t\t\t<\/div>\n\t\t<div class=\"elementor-element elementor-element-4a4cf5d e-con-full e-flex e-con e-child\" data-id=\"4a4cf5d\" data-element_type=\"container\">\n\t\t\t\t<\/div>\n\t\t\t\t<\/div>\n\t\t\t\t<\/div>\n\t\t\t\t<\/div>\n\t\t\t\t\t<\/div>\n\t\t\t\t<\/div>\n\t\t\t\t<\/div>","protected":false},"excerpt":{"rendered":"<p>Urbanisme : PLUi Plan Local d&rsquo;Urbanisme intercommunal (PLUi) La loi ALUR du 24 mars 2014 a syst\u00e9matis\u00e9 le transfert de la comp\u00e9tence PLU aux communaut\u00e9s de communes. Par d\u00e9lib\u00e9ration en date du 03 juillet 2018, la CC de la Vall\u00e9e de la Haute Sarthe a engag\u00e9 l\u2019\u00e9laboration de son PLU intercommunal (PLUi). Le lancement op\u00e9rationnel [&hellip;]<\/p>","protected":false},"author":1,"featured_media":0,"parent":0,"menu_order":0,"comment_status":"closed","ping_status":"closed","template":"","meta":{"_acf_changed":false,"footnotes":""},"class_list":["post-177","page","type-page","status-publish","hentry"],"acf":[],"_links":{"self":[{"href":"https:\/\/ccvhs.fr\/en\/wp-json\/wp\/v2\/pages\/177","targetHints":{"allow":["GET"]}}],"collection":[{"href":"https:\/\/ccvhs.fr\/en\/wp-json\/wp\/v2\/pages"}],"about":[{"href":"https:\/\/ccvhs.fr\/en\/wp-json\/wp\/v2\/types\/page"}],"author":[{"embeddable":true,"href":"https:\/\/ccvhs.fr\/en\/wp-json\/wp\/v2\/users\/1"}],"replies":[{"embeddable":true,"href":"https:\/\/ccvhs.fr\/en\/wp-json\/wp\/v2\/comments?post=177"}],"version-history":[{"count":0,"href":"https:\/\/ccvhs.fr\/en\/wp-json\/wp\/v2\/pages\/177\/revisions"}],"wp:attachment":[{"href":"https:\/\/ccvhs.fr\/en\/wp-json\/wp\/v2\/media?parent=177"}],"curies":[{"name":"wp","href":"https:\/\/api.w.org\/{rel}","templated":true}]}}

<div data-elementor-type="wp-page" data-elementor-id="177" class="elementor elementor-177" data-elementor-post-type="page">
				<div class="elementor-element elementor-element-45d84e4 e-flex e-con-boxed e-con e-parent" data-id="45d84e4" data-element_type="container">
					<div class="e-con-inner">
		<div class="elementor-element elementor-element-6c98b30 e-con-full e-flex e-con e-child" data-id="6c98b30" data-element_type="container" data-settings="{&quot;background_background&quot;:&quot;classic&quot;}">
		<div class="elementor-element elementor-element-6708f49 e-con-full e-flex e-con e-child" data-id="6708f49" data-element_type="container">
				<div class="elementor-element elementor-element-64e836d elementor-widget elementor-widget-image" data-id="64e836d" data-element_type="widget" data-widget_type="image.default">
				<div class="elementor-widget-container">
															<img fetchpriority="high" decoding="async" width="800" height="220" src="https://ccvhs.fr/wp-content/uploads/2025/01/bandeau-1024x281-1.jpg" class="attachment-large size-large wp-image-740" alt="" srcset="https://ccvhs.fr/wp-content/uploads/2025/01/bandeau-1024x281-1.jpg 1024w, https://ccvhs.fr/wp-content/uploads/2025/01/bandeau-1024x281-1-300x82.jpg 300w, https://ccvhs.fr/wp-content/uploads/2025/01/bandeau-1024x281-1-768x211.jpg 768w, https://ccvhs.fr/wp-content/uploads/2025/01/bandeau-1024x281-1-18x5.jpg 18w" sizes="(max-width: 800px) 100vw, 800px" />															</div>
				</div>
				<div class="elementor-element elementor-element-2655064 elementor-widget elementor-widget-heading" data-id="2655064" data-element_type="widget" data-widget_type="heading.default">
				<div class="elementor-widget-container">
					<h2 class="elementor-heading-title elementor-size-default">Urbanisme : PLUi </h2>				</div>
				</div>
		<div class="elementor-element elementor-element-2d73b0d e-con-full e-flex e-con e-child" data-id="2d73b0d" data-element_type="container">
		<div class="elementor-element elementor-element-607762d e-con-full e-flex e-con e-child" data-id="607762d" data-element_type="container">
				<div class="elementor-element elementor-element-4584931 elementor-widget elementor-widget-heading" data-id="4584931" data-element_type="widget" data-widget_type="heading.default">
				<div class="elementor-widget-container">
					<h3 class="elementor-heading-title elementor-size-default">Intercommunal Local Planning Scheme (ILPS)</h3>				</div>
				</div>
				<div class="elementor-element elementor-element-21498cd elementor-widget elementor-widget-text-editor" data-id="21498cd" data-element_type="widget" data-widget_type="text-editor.default">
				<div class="elementor-widget-container">
									<p>The ALUR Act of 24 March 2014 systematised the transfer of PLU competence to the communities of communes.</p><p>By deliberation dated 03 July 2018, the CC of the Vallée de la Haute Sarthe initiated the preparation of its intercommunal PLU. The operational launch took place in July 2020. The territory is supported by the Ouest Am' consultancy.</p>								</div>
				</div>
				<div class="elementor-element elementor-element-653f406 elementor-widget elementor-widget-heading" data-id="653f406" data-element_type="widget" data-widget_type="heading.default">
				<div class="elementor-widget-container">
					<h3 class="elementor-heading-title elementor-size-default">Un PLUi c'est quoi ? </h3>				</div>
				</div>
				<div class="elementor-element elementor-element-172c061 elementor-widget elementor-widget-text-editor" data-id="172c061" data-element_type="widget" data-widget_type="text-editor.default">
				<div class="elementor-widget-container">
									<p>The aim is to define the regulations governing land use. The ILPS is built with a forward-looking vision, by projecting over the next 10 years and in a constrained regulatory context:</p><ul><li>By taking into account the assets and sensitivities of our territory</li><li>Consistent with local and ongoing development prospects</li><li>In the general interest</li></ul><p>The ILPS defines the prescriptions indicating what form construction must take, which areas must remain natural, which areas are reserved for future construction, etc. In particular, it must clearly set out the territorial project known as the Sustainable Planning and Development Project (SPDP). In particular, it must set out a clear vision for the area, known as the Sustainable Planning and Development Plan (SPDP), which summarises the local authority's general intentions for the development of the area.</p><p>Pour notre Communauté de Communes, l’élaboration du PLUi permettra notamment de renforcer et diversifier l’économie locale à travers l’optimisation des zones d’activités et le réinvestissement des friches, la pérennisation de l’activité agricole ainsi que la structuration d’une offre touristique solide.</p><p>The ILPS, given its inter-communal scale, makes it possible to apply a sustainable and coherent development strategy while preserving resources and spaces, and to promote harmonious development of the various communes making up the EPCI thanks to collective architectural, urban and landscape integration.</p><p>This document will replace all local planning documents.</p>								</div>
				</div>
				<div class="elementor-element elementor-element-de83699 elementor-widget elementor-widget-heading" data-id="de83699" data-element_type="widget" data-widget_type="heading.default">
				<div class="elementor-widget-container">
					<h3 class="elementor-heading-title elementor-size-default">Consultation</h3>				</div>
				</div>
				<div class="elementor-element elementor-element-b864872 elementor-widget elementor-widget-text-editor" data-id="b864872" data-element_type="widget" data-widget_type="text-editor.default">
				<div class="elementor-widget-container">
									<p>The decision of 03 July 2018 sets out the consultation procedures, specifying how the elected representatives wish to involve local stakeholders. These procedures include making a register of comments available at the CC headquarters (throughout the procedure) and holding public meetings.</p>								</div>
				</div>
				<div class="elementor-element elementor-element-96a93c4 elementor-widget elementor-widget-heading" data-id="96a93c4" data-element_type="widget" data-widget_type="heading.default">
				<div class="elementor-widget-container">
					<h3 class="elementor-heading-title elementor-size-default">The different stages</h3>				</div>
				</div>
				<div class="elementor-element elementor-element-e342fa8 elementor-widget elementor-widget-text-editor" data-id="e342fa8" data-element_type="widget" data-widget_type="text-editor.default">
				<div class="elementor-widget-container">
									<p>The first phase involved identifying the issues. Numerous meetings and workshops brought together elected representatives and local stakeholders to draw up an inventory of the situation in our community.</p><p>The aim of the second phase was to define the territory's strategy on a number of themes: organisation of the territory (territorial framework and business parks), housing, the economy, mobility, the environment, landscapes, etc. It resulted in the drafting of the Sustainable Planning and Development Plan (SPDP), which was debated by the Community Council on 23 May 2023.</p><p>The third phase, which is currently underway, aims to translate the strategy into regulations :</p><ul><li>The zoning (graphic regulations) which identifies the different types of zone: Urban (U), Urbanisation (AU), Agricultural (A) or Natural (N).</li><li>The written regulations, which set out the rules that apply in different areas of the territory, as well as a series of prescriptions (how to protect hedges and woodland, how to take account of heritage, etc.).</li><li>Development and Programming Guidelines (DPG), which define the rules applicable to sectors where development is at stake (‘sectoral’ DPG) or to specific subjects (‘thematic’ DPG).</li></ul><p>After this phase, the draft ILPS will be adopted by the Community Council: it will then be submitted for the opinion of the Associated Public Bodies (State, Department, Consular Chambers, etc.) and then for a public enquiry. It can then be approved by the Community Council.</p><p>The aim is for the document to be operational by the end of 2025 / early 2026.</p>								</div>
				</div>
				<div class="elementor-element elementor-element-5a6d2f5 elementor-widget elementor-widget-heading" data-id="5a6d2f5" data-element_type="widget" data-widget_type="heading.default">
				<div class="elementor-widget-container">
					<h3 class="elementor-heading-title elementor-size-default">Documents available</h3>				</div>
				</div>
				<div class="elementor-element elementor-element-0b86560 elementor-widget elementor-widget-text-editor" data-id="0b86560" data-element_type="widget" data-widget_type="text-editor.default">
				<div class="elementor-widget-container">
									<ul><li>Deliberation of 03 July 2017</li><li>Deliberation relating to the debate on the SPDP at the Community Council (23 May 2023)</li><li>Diagnosis and initial state of the environment</li><li>SPDP debated (23 May 2023)</li><li><strong>At the end of the public meetings, the presentation material and minutes will be added.</strong></li></ul><p><em>Public meetings were held as part of the process of drawing up the inter-communal Local Town Planning Scheme :</em></p><ul><li><em>In Courtomer, on Wednesday 16 October, at <strong>19</strong> <strong>h</strong> <strong>30</strong> – <strong>Multi-purpose hall in Courtomer </strong></em></li><li><em>Le Mêle-sur-Sarthe, Wednesday 27 November, at<strong> 19</strong> <strong>h</strong> <strong>30</strong> – <strong>Intercommunal hall in Le Mêle sur Sarthe</strong></em></li></ul><p><em>These public meetings will provide an opportunity to present the progress of the studies and exchange views with participants. They will focus on the strategy for the area and the regulatory documents (zoning, written regulations, planning and programming guidelines). <br /></em></p><p>Dates des permanences qui se sont tenues :</p><p>30/01 – 14h30/17h00 – Le Mêle sur Sarthe – Town hall</p><p>11/02 – 9h30/12h00 – Courtomer – Town hall</p><p>13/02 – 9h30/12h00 – Le Mêle sur Sarthe – Town hall</p><p>13/02 – 14h30/17h00 – Courtomer – Town hall</p>								</div>
				</div>
				</div>
		<div class="elementor-element elementor-element-4a4cf5d e-con-full e-flex e-con e-child" data-id="4a4cf5d" data-element_type="container">
				</div>
				</div>
				</div>
				</div>
					</div>
				</div>
				</div>

<p>Urbanisme : PLUi Plan Local d&rsquo;Urbanisme intercommunal (PLUi) La loi ALUR du 24 mars 2014 a systématisé le transfert de la compétence PLU aux communautés de communes. Par délibération en date du 03 juillet 2018, la CC de la Vallée de la Haute Sarthe a engagé l’élaboration de son PLU intercommunal (PLUi). Le lancement opérationnel [&hellip;]</p>
