{"id":349,"date":"2025-01-29T13:49:50","date_gmt":"2025-01-29T12:49:50","guid":{"rendered":"https:\/\/test.ccvhs.fr\/?post_type=ajde_events&#038;p=349"},"modified":"2025-01-29T14:00:46","modified_gmt":"2025-01-29T13:00:46","slug":"theatre-la-courte-echelle-cest-la-belle-nuit-de-noel","status":"publish","type":"ajde_events","link":"https:\/\/ccvhs.fr\/en\/events\/theatre-la-courte-echelle-cest-la-belle-nuit-de-noel\/","title":{"rendered":"Th\u00e9\u00e2tre La Courte \u00e9chelle \u00ab\u00a0C&rsquo;est la belle nuit de No\u00ebl\u00a0\u00bb"},"content":{"rendered":"","protected":false},"author":1,"featured_media":351,"menu_order":0,"comment_status":"closed","ping_status":"closed","template":"","meta":{"_acf_changed":false},"tags":[],"event_type":[],"event_type_2":[],"class_list":["post-349","ajde_events","type-ajde_events","status-publish","has-post-thumbnail","hentry"],"acf":[],"_links":{"self":[{"href":"https:\/\/ccvhs.fr\/en\/wp-json\/wp\/v2\/ajde_events\/349","targetHints":{"allow":["GET"]}}],"collection":[{"href":"https:\/\/ccvhs.fr\/en\/wp-json\/wp\/v2\/ajde_events"}],"about":[{"href":"https:\/\/ccvhs.fr\/en\/wp-json\/wp\/v2\/types\/ajde_events"}],"author":[{"embeddable":true,"href":"https:\/\/ccvhs.fr\/en\/wp-json\/wp\/v2\/users\/1"}],"replies":[{"embeddable":true,"href":"https:\/\/ccvhs.fr\/en\/wp-json\/wp\/v2\/comments?post=349"}],"wp:featuredmedia":[{"embeddable":true,"href":"https:\/\/ccvhs.fr\/en\/wp-json\/wp\/v2\/media\/351"}],"wp:attachment":[{"href":"https:\/\/ccvhs.fr\/en\/wp-json\/wp\/v2\/media?parent=349"}],"wp:term":[{"taxonomy":"post_tag","embeddable":true,"href":"https:\/\/ccvhs.fr\/en\/wp-json\/wp\/v2\/tags?post=349"},{"taxonomy":"event_type","embeddable":true,"href":"https:\/\/ccvhs.fr\/en\/wp-json\/wp\/v2\/event_type?post=349"},{"taxonomy":"event_type_2","embeddable":true,"href":"https:\/\/ccvhs.fr\/en\/wp-json\/wp\/v2\/event_type_2?post=349"}],"curies":[{"name":"wp","href":"https:\/\/api.w.org\/{rel}","templated":true}]}}

Théâtre La Courte échelle « C&rsquo;est la belle nuit de Noël »
