{"id":2886,"date":"2025-04-08T15:29:18","date_gmt":"2025-04-08T13:29:18","guid":{"rendered":"https:\/\/ccvhs.fr\/?post_type=ajde_events&#038;p=2886"},"modified":"2025-04-08T15:29:21","modified_gmt":"2025-04-08T13:29:21","slug":"marche-de-paques-a-courtomer","status":"publish","type":"ajde_events","link":"http:\/\/ccvhs.fr\/en\/events\/marche-de-paques-a-courtomer\/","title":{"rendered":"March\u00e9 de P\u00e2ques \u00e0 Courtomer"},"content":{"rendered":"","protected":false},"author":3,"featured_media":2887,"menu_order":0,"comment_status":"open","ping_status":"closed","template":"","meta":{"_acf_changed":false},"tags":[],"event_type":[],"event_type_2":[],"class_list":["post-2886","ajde_events","type-ajde_events","status-publish","has-post-thumbnail","hentry"],"acf":[],"_links":{"self":[{"href":"http:\/\/ccvhs.fr\/en\/wp-json\/wp\/v2\/ajde_events\/2886","targetHints":{"allow":["GET"]}}],"collection":[{"href":"http:\/\/ccvhs.fr\/en\/wp-json\/wp\/v2\/ajde_events"}],"about":[{"href":"http:\/\/ccvhs.fr\/en\/wp-json\/wp\/v2\/types\/ajde_events"}],"author":[{"embeddable":true,"href":"http:\/\/ccvhs.fr\/en\/wp-json\/wp\/v2\/users\/3"}],"replies":[{"embeddable":true,"href":"http:\/\/ccvhs.fr\/en\/wp-json\/wp\/v2\/comments?post=2886"}],"wp:featuredmedia":[{"embeddable":true,"href":"http:\/\/ccvhs.fr\/en\/wp-json\/wp\/v2\/media\/2887"}],"wp:attachment":[{"href":"http:\/\/ccvhs.fr\/en\/wp-json\/wp\/v2\/media?parent=2886"}],"wp:term":[{"taxonomy":"post_tag","embeddable":true,"href":"http:\/\/ccvhs.fr\/en\/wp-json\/wp\/v2\/tags?post=2886"},{"taxonomy":"event_type","embeddable":true,"href":"http:\/\/ccvhs.fr\/en\/wp-json\/wp\/v2\/event_type?post=2886"},{"taxonomy":"event_type_2","embeddable":true,"href":"http:\/\/ccvhs.fr\/en\/wp-json\/wp\/v2\/event_type_2?post=2886"}],"curies":[{"name":"wp","href":"https:\/\/api.w.org\/{rel}","templated":true}]}}

Marché de Pâques à Courtomer
